 - 6*g, -4*g = 2*u - 2*g - 1530. List the prime factors of u.
769
Let o(f) = -122*f + 1. Let t be o(-6). Suppose 2*j - 1 = -t. Let b = -201 - j. List the prime factors of b.
3, 5, 11
Suppose -276*f + 12 = -277*f. List the prime factors of (-12)/14*(f + -233).
2, 3, 5, 7
Suppose -134802 = -26*h + 77254. What are the prime factors of h?
2, 2039
Suppose 0 = 258*m - 3515593 - 2956884 - 2168459. List the prime factors of m.
2, 3, 2791
Let d = -104 - -125. Let k be d*-6*78/(-54). Suppose -4*b + 622 = -4*q - k, 193 = b + q. List the prime factors of b.
197
Let p = 4948 + 12023. What are the prime factors of p?
3, 5657
Suppose 128*r - 125*r = 741. Suppose n = -2*s + r, 5*n + 4*s = -0*s + 1229. What are the prime factors of n?
5, 7
Let u be 15/10*(-1 + 11/3). Let w be u + -2*2/1. Suppose 12*y - 20*y + 1768 = w. List the prime factors of y.
13, 17
Suppose -4*p - 372 + 109 = -5*n, 2*n = -4*p + 94. Let q = n - -195. What are the prime factors of q?
2, 3, 41
Suppose 48622 = 5*l + 6*m, 4*l - 38878 = -4*m + 9*m. List the prime factors of l.
2, 4861
Let u be (-5)/(-7 + 140/21). Suppose 0 = -5*i - u, l - 1165 = -0*i + 4*i. What are the prime factors of l?
1153
Suppose -5*o = -2*c - 8064, 3*o + 2*c + c = 4830. Suppose -w = 5*a - o, -7*a - 3*w + 650 = -5*a. List the prime factors of a.
2, 7, 23
Let n be ((-2)/2)/((-190)/50 + 4). What are the prime factors of -3 + 10/n*1 - -405?
2, 5
Suppose -65 = -5*n + 5*a, 5*a = -n - 2*n + 31. Suppose 0 = 36*d - 33*d + n. List the prime factors of (-158)/(-5) + (d - 88/(-20)).
2
Let w = 71436 - 26254. List the prime factors of w.
2, 19, 29, 41
List the prime factors of -156*2535/(-60) + (-8)/1 + 3.
2, 37, 89
Let z be ((-22)/4 - -3) + 118146/(-28). List the prime factors of (z/10)/(125/(-625)).
2111
Let h be ((-14)/(-21))/((-4)/(72/(-3))). Suppose -2*y + 124 + 555 = 5*w, h*w = 4*y - 1400. What are the prime factors of y?
347
Let j(k) = -2. Let z(p) = -21*p - 4. Let d(c) = 18*j(c) + 2*z(c). List the prime factors of d(-7).
2, 5
Let y(v) = v**3 - 24*v**2 - 49*v - 19. Let x be y(26). Suppose x*z = 51*z + 176. What are the prime factors of z?
2, 11
Suppose 13*j - 5*r + 35 = 18*j, 3*r - 6 = 2*j. Suppose 5*s = 2*k - 4*k + 1733, -s - j*k = -357. List the prime factors of s.
3, 5, 23
Let k = 128 + -135. Let v(y) = 2*y**3 + 13*y**2 - 13*y - 15. List the prime factors of v(k).
3
Let s = 1968 + 1018. What are the prime factors of s?
2, 1493
Suppose 14*o - 14418 = 84982. What are the prime factors of o?
2, 5, 71
Let t = -273 + 393. Let u(w) = 21*w - 3. Let n be u(-3). Let b = n + t. List the prime factors of b.
2, 3
Suppose 4*x + 4*t - 40 = -0*t, -3*t = x - 20. Suppose 200 = 5*k + 5*c, 3*k - 69 - 51 = x*c. Let l = k + 43. List the prime factors of l.
83
Let u = -570 + 575. Suppose 13*o - 1532 = -5*c + 17*o, -u*c + o + 1538 = 0. What are the prime factors of c?
2, 7, 11
Suppose 3*a = 4*p - 29, 4*a + 48 - 11 = 5*p. Suppose 153 = p*t + 23. Suppose -t*f = -18*f - 648. List the prime factors of f.
3
Let j(u) = 32*u**2 + 135*u + 275. List the prime factors of j(-37).
2, 7, 349
Let i be 2 + 1/(-2) - 75939/(-34). Suppose -6*n + n + i = 0. List the prime factors of n.
3, 149
Suppose -3*q = -d - 47, -4*q - 5*d + 71 = -8*d. Suppose 13*v = q*v + 35. Let h = v - -115. List the prime factors of h.
2, 5
Let a(n) = 83*n**2 + 33*n - 183. List the prime factors of a(9).
3, 43, 53
Let r(k) = 2*k**3 - 7*k**2 + 2*k - 20. Let p be r(4). Suppose p*a - 2091 = a. List the prime factors of a.
17, 41
Let c = 15416 + 13706. List the prime factors of c.
2, 14561
Suppose 5*k - 34 = -19. Suppose -i + 2*c - k*c = -15, 6 = -2*c. What are the prime factors of i?
2, 3
Let z = 1542 + -974. Let k = -202 + z. List the prime factors of k.
2, 3, 61
Let u = 5386 - 1699. What are the prime factors of u?
3, 1229
Let w = -111 + 118. Suppose -w*k + 113 - 8 = 0. Suppose 0 = 2*i - 3*i - g + 195, 0 = -5*g + k. List the prime factors of i.
2, 3
Let z(b) = 66*b**2 + 7*b + 17. Let g be z(-2). Suppose -n + 273 = 2*v, 5*n - g = 4*n - 5*v. What are the prime factors of n?
277
Suppose 0 = -20*u + 41*u. Suppose 2*t - 3*f - 937 = 0, -5*t = -u*t - 3*f - 2320. List the prime factors of t.
461
Let x be (-3 - 27/(-3)) + 9 + -15. Suppose -6*g + 4740 = -x*g. List the prime factors of g.
2, 5, 79
Suppose -18 = -i - 5*x, -2*i - 54*x + 9 = -53*x. Suppose -i*c = 5*a - 3946, 4*a - 2315 - 317 = -2*c. List the prime factors of c.
2, 41
List the prime factors of ((-8572)/(-6))/(21/(-81))*(-210)/45.
2, 3, 2143
Suppose 66*g + 12039772 = 246*g + 4368352. What are the prime factors of g?
17, 23, 109
Suppose 5*q - 2*b - 24694 = 0, -12 + 20 = -4*b. What are the prime factors of q?
2, 3, 823
Let p = 59 - 55. Let s = p + 4. Let w(v) = -v + 33. List the prime factors of w(s).
5
Let w be 4 + 2*(618 - -5). Let h = w - 813. What are the prime factors of h?
19, 23
Let o = -27827 - -47811. What are the prime factors of o?
2, 1249
Let l = -7 + 16. Let g = 334 + l. List the prime factors of g.
7
Let j = -666 + 669. Suppose -2*x + j = -1, 5*x + 1261 = o. List the prime factors of o.
31, 41
Let y(h) = 2*h + 15. Let o be y(-5). Suppose o*a - 1 = 3*c - c, 2*a = -4*c + 10. Suppose 10 = 5*w, -2*b - 148 = -c*w - 418. List the prime factors of b.
137
Let c = 90 - 95. What are the prime factors of 2*((c - -194) + 5)?
2, 97
Suppose 102*h - 43*h = 42*h + 136680. List the prime factors of h.
2, 3, 5, 67
Suppose -103*u + 247*u = 121*u + 938515. What are the prime factors of u?
5, 8161
Suppose 9*v - 491 - 5908 = 0. Let r = 1517 - v. List the prime factors of r.
2, 13, 31
Suppose -49702 = -g + 5*h, 2*g - 11*h + 14*h - 99417 = 0. List the prime factors of g.
3, 7, 263
Suppose -126*s = -45*s - 388881. List the prime factors of s.
4801
Let d be 10678/4 + 9/(-18). Suppose 6*h + a - 1607 = 3*h, -5*h + 3*a = -d. List the prime factors of h.
5, 107
List the prime factors of 8550 - (0 + 0) - (5 - (9 + -9)).
5, 1709
Let s = 60 + -51. Suppose s*f - 294 - 975 = 0. Suppose 0 = 2*j - f - 127. List the prime factors of j.
2, 67
Let l(a) = 5*a**2 + a. Let b(m) = -26*m**2 - 20*m - 10. Let p(y) = -b(y) - 2*l(y). What are the prime factors of p(-5)?
2, 5
Suppose 0 = 3*s + 2*s - 2*p - 5, 3 = -4*s + 3*p. What are the prime factors of (525 - (0/s)/3) + -5?
2, 5, 13
Let i be 46/4 - (-18)/(-12). Suppose 0 = -2*n - 0*n + i. Let p(g) = -g**3 + 7*g**2 - 3*g - 11. What are the prime factors of p(n)?
2, 3
Suppose -1377433 + 124195 = -75*h - 84*h. List the prime factors of h.
2, 7, 563
Suppose 50696 = 62*v + 185236. Let n = -1077 - v. List the prime factors of n.
1093
Suppose 16*d - 11*d - 76755 = 0. Suppose -17*l + 0*l = -d. List the prime factors of l.
3, 7, 43
Let c(x) = 50*x**3 + 28*x**2 + 5*x - 5. What are the prime factors of c(6)?
11833
What are the prime factors of -11 + (7 - -11233) + -7?
2, 31, 181
Let m(y) = -2*y + 8 - 13*y**2 - 7 + 3*y**3 - 1. Let h be m(6). Suppose h = 2*a - 2*q, -3*q - q + 312 = 4*a. What are the prime factors of a?
3
Suppose -i + 15 = 3*v, 9 = 2*v - i + 2*i. List the prime factors of 0 + (-18)/v + 721.
2, 359
Let r(p) = -p**2 - 5*p - 4. Let o be r(-3). Suppose 4*u + 24 = -4*h, 2*h = -o*h + 4*u - 16. Let c = 83 + h. List the prime factors of c.
2, 3, 13
Let d(g) = -10*g + 120. Let f be d(16). What are the prime factors of ((-4090)/f)/(3/12)?
409
Let p(z) = 26*z**2 + 5*z - 47. Let g(x) = 2*x**2 - 90*x - 85. Let v be g(46). List the prime factors of p(v).
2, 631
Let q(s) = -s**3 - 2*s**2 + s + 13. Suppose -3*y + y = 14. What are the prime factors of q(y)?
251
What are the prime factors of (2546/(-1742))/((-2)/8606)?
19, 331
Let l be (-7)/(-7) - (-6)/3. Let h be (l/2)/((-15)/(-50)). Suppose v = j - 27 - 59, 0 = 4*j + h*v - 344. List the prime factors of j.
2, 43
Suppose 0 = -775*t + 733*t + 219957 + 533187. List the prime factors of t.
2, 4483
Suppose -5*o + 2*o + 54 = 0. List the prime factors of (-2724)/o*12/(-8) + 5.
2, 29
Let x be (-99)/12*(-88)/33. Suppose -x*w - 2366 = -11804. What are the prime factors of w?
3, 11, 13
Suppose -4*h = i - 72, 2*h - 3*i = -h + 69. Let b = h - 23. What are the prime factors of 1/(-2) + (-330)/b?
2, 41
List the prime factors of 102026/(-10)*-1 - (-1386)/990.
2, 2551
Suppose -12 = 4*j - 4*m, 198*j = 199*j + 5*m - 3. Let u = 16 + -22. What are the prime factors of ((-152)/u)/((-5)/(105/j))?
2, 7, 19
Su